{"id":27,"date":"2013-11-18T06:00:00","date_gmt":"2013-11-18T06:00:00","guid":{"rendered":"http:\/\/robertmorgenthaler.ch\/?page_id=27"},"modified":"2013-11-20T21:52:08","modified_gmt":"2013-11-20T21:52:08","slug":"roots-of-communication","status":"publish","type":"page","link":"https:\/\/robertmorgenthaler.ch\/?page_id=27","title":{"rendered":"> ROOTS OF COMMUNICATION"},"content":{"rendered":"<p><a href=\"http:\/\/robertmorgenthaler.ch\/wp-content\/uploads\/2013\/11\/DSCF2391.jpg\"><img loading=\"lazy\" decoding=\"async\" class=\"alignleft size-full wp-image-122\" alt=\"DSCF2391\" src=\"http:\/\/robertmorgenthaler.ch\/wp-content\/uploads\/2013\/11\/DSCF2391.jpg\" width=\"1106\" height=\"829\" srcset=\"https:\/\/robertmorgenthaler.ch\/wp-content\/uploads\/2013\/11\/DSCF2391.jpg 1440w, https:\/\/robertmorgenthaler.ch\/wp-content\/uploads\/2013\/11\/DSCF2391-300x225.jpg 300w, https:\/\/robertmorgenthaler.ch\/wp-content\/uploads\/2013\/11\/DSCF2391-1024x768.jpg 1024w, https:\/\/robertmorgenthaler.ch\/wp-content\/uploads\/2013\/11\/DSCF2391-695x521.jpg 695w\" sizes=\"auto, (max-width: 1106px) 100vw, 1106px\" \/><\/a><\/p>\n<p>ROOTS OF COMMUNICATION<\/p>\n<p>Landl\u00e4ufig steht das Alphorn f\u00fcr fette Weiden, gl\u00fcckliche K\u00fche und archaische Melodien, kurz f\u00fcr eine ziemlich gestrige Schweiz. Nicht aber wenn der Posaunist Robert Morgenthaler diese nur Naturt\u00f6ne produzierende h\u00f6lzerne L\u00e4ngstrompete ansetzt. 1994 hat er ein Alphorntrio auf die Beine gestellt. Seine Absicht war, die bekannten Pfade der Alphornmusik zu verlassen und, ohne die Tradition zu verleugnen, die verborgenen M\u00f6glichkeiten dieses mythischen Instrumentes auszuloten. Eigenkompositionen und improvisierte Sequenzen, inspiriert vom Jazz, der Klassik und von der traditionellen Alphornliteratur,sowie asiatischen, afrikanischen und europ\u00e4ischen Volksmusiken, ma-chen das Programm des neuen Trios Roots of Communication aus. Die Posaunen, Instrumente mit einem grossen Tonumfang und fast unbeschr\u00e4nkten Tonreihen, sowie die magisch klingenden Muschelh\u00f6rner erweitern das Klangspektrum. Einen besonderen Akzent setzt Morgenthaler mit dem Didgeridoo, dem \u201cAlphorn\u201d der australischen Ureinwohner. Das Schlagzeug schliesslich er\u00f6ffnet eine zus\u00e4tzliche Dimension und setzt dem meditativen, schattigen Klang der zwei Alph\u00f6rner helle Kontraste und Spitzlichter entgegen.<\/p>\n<p>Robert Morgenthaler\u00a0\u00a0\u00a0\u00a0\u00a0 \u00a0\u00a0 \u00a0 Trombone, Alphorn, Shells<br \/>\nJean-Jacques Pedretti\u00a0\u00a0\u00a0\u00a0\u00a0\u00a0 \u00a0\u00a0 Trombone, Alphorn, Shells<br \/>\nNelson Schaer\u00a0\u00a0\u00a0\u00a0\u00a0\u00a0\u00a0\u00a0\u00a0\u00a0\u00a0\u00a0\u00a0\u00a0\u00a0\u00a0\u00a0\u00a0\u00a0\u00a0 \u00a0 \u00a0 Drums, Harmonica<\/p>\n<p>&nbsp;<\/p>\n<p>Pressestimmen zu ROOTS OF COMMUNICATION<br \/>\n\u2026erspielen sich die drei ihren eigenen Kanon, einen Mikro- und Makrokosmos \u2013 die Alph\u00fctte gewissermassen, inklusive sie \u00fcberspannender Milchstrasse.<\/p>\n<p>Peter R\u00fcedi, Die Weltwoche<\/p>\n<p>Nicht bloss ein Klangfarbtupfer mehr wird hier geliefert, sondern eine mit sanftem Witz gespickte, teilweise seltsam archaisch anmutende und gerade deshalb hochinteressante Musik.<\/p>\n<p>Christoph Hegi, Tages Anzeiger<\/p>\n<p>\u2026haben sich mit dem Alphorn besch\u00e4ftigt, allerdings auf eine respektlosere Art als ihre Vorg\u00e4nger. Das Ganze wirkt nie gek\u00fcnstelt oder gesucht, sondern musikantisch und harmonisch.<\/p>\n<p>Nick Liebmann, NZZ<\/p>\n<p>\u2026einer der H\u00f6hepunkte der Schweizer Ehrenwoche in Strassburg\u2026<\/p>\n<p>Jean-Jacques de Dardel, Minister Kultur und Francophonie<\/p>\n<p>Gleichermassen erfrischend unbek\u00fcmmert und ernsthaft konzentriert geht Roots of Communication ans Werk, wenn es darum geht, gleich mehrere Traditionen aus den Angeln zu heben.<\/p>\n<p>Tom Gsteiger, Berner Zeitung<\/p>\n<p>Ich habe eigentlich die Hoffnung aufgegeben, dass man in Europa gewinnbringend auf der eigenen Folklore aufbauen kann. F\u00fcr mich schafft Roots Of Commmunication den schwierigen Umgang mit der eigenen Volksmusik, ohne ins Plakative zu verfallen.<\/p>\n<p>Werner Barth, Bayrischer Rundfunk<\/p>\n<p>\u2026des \u00e9vocations sonores aussi concises que pr\u00e9cises d\u00d4une yungle imaginaire. Et c\u00d4est bien l\u00e0 le charme de cette musique qui laisse \u00e0 chacun le loisir de fantasmer\u2026<\/p>\n<p>Jacques Denis, Jazzman<\/p>\n<p>L\u00e9g\u00e8res, dansantes, les m\u00e9lodies varient aussi vers des sons plus profonds, lancinants. C\u00d4est si beau \u00e0 entendre.<\/p>\n<p>Claire-Lise Baehni, Le Nouveau Quotidien<\/p>\n<p>\u2026le ton est enjou\u00e9, fac\u00e9tieux parfois, tr\u00e8s inspir\u00e9 souvent, et sans cesse ludique et inventif,<\/p>\n<p>Tribune de Gen\u00e8ve<\/p>\n<p>Eine der besten Sachen, die ihr mir bisher vorgespielt habt. Immerhin ist das, was die da machen, originell. Die drei sind &gt;kind of Hip&lt;<\/p>\n<p>Billy Cobham Blindfoldtest im Jazz<\/p>\n<p>\u2026 geht das Roots-Trio auf ganz eigene Weise mit Jazz, Klassik, alter Schweizer Musik und mit asiatischen, afrikanischen sowie europ\u00e4ischen Volksmusiken um.<\/p>\n<p>Richard Butz Nebelspalter<\/p>\n<p>\u2026 un atmosfera magisa, rituale, nella quale sonorit\u00e0 ancestrali di culture diverse, si fondono mirabilmente e fanno da tappeto a geniali spunti improvisativi.<\/p>\n<p>Sandro Neri Corriere del Ticino<\/p>\n<p>\u2026the compositions are of a very high caliber, they make some wonderfully unusual and attractive sounds, and their command over their material is near-total.<\/p>\n<p>Chris Kelsey Cadence<\/p>\n<p>Ein parit\u00e4tisches Trio, das mit unb\u00e4ndigem Spielwitz und einem ausgiebigen Ideenreservoire auf der Basis intrapersonalen Austausches, Ebenen der klanglichen aber auch menschlichen Kommunikation im besten Sinn aufbauen.<\/p>\n<p>HAN Jazz Live<\/p>\n<p>\u2026verf\u00fcgen \u00fcber ein riesiges Arsenal an Ausdrucksmitteln: von endlosen Bordunt\u00f6nen, obertonschwanger, \u00fcber Tango-, Walzer- und Marschintonationen bis zu abendl\u00e4ndischem Liedgut und jazzigem Groove:<\/p>\n<p>Josef Ego Allg\u00e4uer Zeitung Kempten<\/p>\n<p>\u2026zu viele Jahre sind vergangen, seit Friedrich Mosshammer seine meditativen Alphornges\u00e4nge anstimmte und damit dem unhandlichen Instrument eine neue Heimat g\u00f6nnte. Der Schweizer Posaunist Robert Morgenthaler hat \u00e4hnliches im Sinn.<\/p>\n<p>Wolfgang Gratzer Salzburger Nachrichten<\/p>\n<p>&nbsp;<\/p>\n","protected":false},"excerpt":{"rendered":"<p>ROOTS OF COMMUNICATION Landl\u00e4ufig steht das Alphorn f\u00fcr fette Weiden, gl\u00fcckliche K\u00fche und archaische Melodien, kurz f\u00fcr eine ziemlich gestrige Schweiz. Nicht aber wenn der Posaunist Robert Morgenthaler diese nur Naturt\u00f6ne produzierende h\u00f6lzerne L\u00e4ngstrompete ansetzt. 1994 hat er ein Alphorntrio auf die Beine gestellt. Seine Absicht war, die bekannten Pfade der Alphornmusik zu verlassen und, [&hellip;]<\/p>\n","protected":false},"author":1,"featured_media":0,"parent":0,"menu_order":0,"comment_status":"closed","ping_status":"closed","template":"","meta":{"footnotes":""},"class_list":["post-27","page","type-page","status-publish","hentry"],"_links":{"self":[{"href":"https:\/\/robertmorgenthaler.ch\/index.php?rest_route=\/wp\/v2\/pages\/27","targetHints":{"allow":["GET"]}}],"collection":[{"href":"https:\/\/robertmorgenthaler.ch\/index.php?rest_route=\/wp\/v2\/pages"}],"about":[{"href":"https:\/\/robertmorgenthaler.ch\/index.php?rest_route=\/wp\/v2\/types\/page"}],"author":[{"embeddable":true,"href":"https:\/\/robertmorgenthaler.ch\/index.php?rest_route=\/wp\/v2\/users\/1"}],"replies":[{"embeddable":true,"href":"https:\/\/robertmorgenthaler.ch\/index.php?rest_route=%2Fwp%2Fv2%2Fcomments&post=27"}],"version-history":[{"count":2,"href":"https:\/\/robertmorgenthaler.ch\/index.php?rest_route=\/wp\/v2\/pages\/27\/revisions"}],"predecessor-version":[{"id":123,"href":"https:\/\/robertmorgenthaler.ch\/index.php?rest_route=\/wp\/v2\/pages\/27\/revisions\/123"}],"wp:attachment":[{"href":"https:\/\/robertmorgenthaler.ch\/index.php?rest_route=%2Fwp%2Fv2%2Fmedia&parent=27"}],"curies":[{"name":"wp","href":"https:\/\/api.w.org\/{rel}","templated":true}]}}